28 divide 424528?
True
Does 147 divide 387320?
False
Is 56756 a multiple of 327?
False
Does 30 divide 182738?
False
Does 14 divide 174457?
False
Does 31 divide 3177996?
True
Does 17 divide 281639?
True
Is 298531 a multiple of 487?
True
Is 201 a factor of 4392398?
False
Does 12 divide 3033626?
False
Is 9 a factor of 130428?
True
Is 64 a factor of 12608?
True
Is 4258548 a multiple of 108?
True
Is 273971 a multiple of 56?
False
Is 762 a factor of 12551439?
False
Is 220609 a multiple of 323?
True
Is 24100 a multiple of 109?
False
Does 33 divide 1979332?
False
Does 127 divide 370809?
False
Does 31 divide 26885?
False
Does 184 divide 214360?
True
Is 658620 a multiple of 90?
True
Is 539 a factor of 2675057?
True
Is 461 a factor of 8592579?
True
Does 108 divide 22248?
True
Is 12 a factor of 8334?
False
Is 12289 a multiple of 81?
False
Does 520 divide 3308983?
False
Does 23 divide 21551?
True
Is 778 a factor of 2247199?
False
Is 151 a factor of 968767?
False
Is 2177784 a multiple of 168?
True
Is 12 a factor of 8334144?
True
Is 891810 a multiple of 27?
True
Is 9036885 a multiple of 65?
True
Is 35 a factor of 1004535?
True
Is 185 a factor of 895215?
True
Is 708 a factor of 1316783?
False
Is 715441 a multiple of 2?
False
Is 4109243 a multiple of 73?
True
Is 111 a factor of 383009?
False
Does 43 divide 14987615?
False
Is 9574530 a multiple of 91?
False
Is 2615750 a multiple of 10?
True
Is 1318170 a multiple of 210?
True
Is 627273 a multiple of 250?
False
Is 509 a factor of 66170?
True
Does 390 divide 1193300?
False
Is 19 a factor of 1087872?
False
Does 43 divide 3153706?
True
Is 11 a factor of 829838?
False
Is 390349 a multiple of 16?
False
Is 219288 a multiple of 24?
True
Is 1713781 even?
False
Is 506012 a multiple of 52?
True
Does 3 divide 1280436?
True
Does 33 divide 1590161?
False
Is 110 a factor of 2326905?
False
Is 2629020 a multiple of 12?
True
Does 17 divide 716890?
True
Is 90 a factor of 203940?
True
Is 1331260 a multiple of 185?
True
Is 2483111 a multiple of 83?
True
Is 186135 a multiple of 38?
False
Does 10 divide 265288?
False
Is 227491 a multiple of 38?
False
Is 1101 a factor of 3473977?
False
Is 1563244 a multiple of 47?
False
Is 22932 a multiple of 126?
True
Is 3062548 a multiple of 6?
False
Does 270 divide 489510?
True
Does 22 divide 31202?
False
Is 347345 a multiple of 166?
False
Does 70 divide 24491600?
True
Is 636532 a multiple of 13?
True
Is 21 a factor of 5492970?
True
Is 11 a factor of 2709329?
False
Is 110004 a multiple of 401?
False
Is 26799867 a multiple of 977?
False
Is 93178 a multiple of 80?
False
Is 816 a factor of 11643504?
True
Is 491 a factor of 11155520?
True
Does 540 divide 636946?
False
Is 1090760 a multiple of 740?
True
Does 80 divide 1245680?
True
Does 11 divide 137689?
False
Does 60 divide 161400?
True
Is 14 a factor of 1250704?
True
Does 35 divide 326331?
False
Is 377899 a multiple of 164?
False
Is 212 a factor of 501755?
False
Is 15 a factor of 213090?
True
Does 9 divide 298809?
True
Is 6524151 a multiple of 465?
False
Is 319240 a multiple of 106?
False
Is 7947 a multiple of 2?
False
Is 3218664 a multiple of 82?
True
Is 62 a factor of 709032?
True
Is 3084105 a multiple of 13?
False
Is 177 a factor of 7528171?
False
Does 119 divide 87884?
False
Does 390 divide 82523?
False
Is 8661588 a multiple of 338?
True
Is 3441816 a multiple of 9?
True
Does 25 divide 1599386?
False
Is 172 a factor of 1684568?
True
Does 8 divide 803807?
False
Is 187 a factor of 154836?
True
Does 31 divide 581544?
False
Does 13 divide 16718?
True
Does 67 divide 31758?
True
Is 554 a factor of 3031642?
False
Does 17 divide 702474?
True
Is 24486 a multiple of 4?
False
Is 90570 a multiple of 15?
True
Does 10 divide 2998074?
False
Is 2 a factor of 1914581?
False
Is 338 a factor of 158184?
True
Is 7 a factor of 1021797?
True
Is 31 a factor of 5892201?
True
Is 12502769 a multiple of 129?
False
Does 269 divide 3048178?
False
Is 435 a factor of 14752662?
False
Is 730 a factor of 326598?
False
Does 53 divide 146015?
True
Does 10 divide 42598?
False
Is 5 a factor of 974375?
True
Does 33 divide 1099230?
True
Does 23 divide 222467?
False
Does 323 divide 68895?
False
Is 158 a factor of 3320905?
False
Is 259 a factor of 68376?
True
Is 219313 a multiple of 38?
False
Is 2 a factor of 3944?
True
Is 5318776 a multiple of 82?
False
Is 122740 a multiple of 17?
True
Does 747 divide 1792800?
True
Does 7 divide 45256?
False
Does 27 divide 7852?
False
Is 1930050 a multiple of 50?
True
Is 7 a factor of 124466?
False
Is 250276 a multiple of 3?
False
Does 12 divide 136137?
False
Does 76 divide 12844?
True
Does 2 divide 132825?
False
Is 165 a factor of 731115?
True
Does 1018 divide 993568?
True
Does 17 divide 1387?
False
Is 8519522 a multiple of 226?
True
Does 63 divide 52542?
True
Is 61764 a multiple of 5?
False
Is 361 a factor of 334365?
False
Is 55962 a multiple of 18?
True
Does 309 divide 217305?
False
Is 16 a factor of 6486000?
True
Is 207 a factor of 2231879?
False
Is 572 a factor of 549783?
False
Does 8 divide 70744?
True
Is 312870 a multiple of 107?
False
Does 22 divide 403607?
False
Is 2849278 a multiple of 97?
True
Does 357 divide 196659?
False
Is 138 a factor of 5128080?
True
Is 163 a factor of 1376004?
False
Is 203 a factor of 107211?
False
Is 93 a factor of 60543?
True
Is 126048 a multiple of 52?
True
Is 593332 a multiple of 148?
True
Does 76 divide 630420?
True
Is 44 a factor of 2024?
True
Does 118 divide 31786?
False
Does 77 divide 175052?
False
Does 94 divide 78192?
False
Is 706 a factor of 5159315?
False
Is 1008103 a multiple of 12?
False
Is 7 a factor of 7068853?
False
Is 66960 a multiple of 216?
True
Is 311 a factor of 23342727?
True
Is 9 a factor of 971216?
False
Does 816 divide 3692797?
False
Does 9 divide 186030?
True
Is 1026 a factor of 4924008?
False
Is 20 a factor of 317893?
False
Is 336 a factor of 2205168?
True
Does 9 divide 3906166?
False
Does 20 divide 444958?
False
Is 17 a factor of 5348?
False
Does 9 divide 9350352?
True
Is 9 a factor of 3270375?
True
Is 76 a factor of 25384?
True
Is 275197 a multiple of 12?
False
Is 180895 a multiple of 65?
True
Does 180 divide 438506?
False
Is 178 a factor of 1400682?
True
Is 685 a factor of 1914755?
False
Does 265 divide 27825?
True
Is 14 a factor of 79621?
False
Is 6 a factor of 975236?
False
Is 235 a factor of 10227151?
False
Is 19 a factor of 12103?
True
Is 103 a factor of 2626661?
False
Is 21 a factor of 192276?
True
Is 19304160 a multiple of 1310?
True
Does 45 divide 76680?
True
Does 201 divide 2936357?
False
Does 38 divide 796214?
True
Is 1199 a factor of 250853?
False
Is 2 a factor of 4045?
False
Is 3890832 a multiple of 132?
True
Is 5541459 a multiple of 22?
False
Is 6416364 a multiple of 13?
False
Does 64 divide 9493302?
False
Does 7 divide 169512?
True
Does 80 divide 190068?
False
Is 21373344 a multiple of 801?
False
Does 88 divide 2808852?
False
Is 6500 a multiple of 5?
True
Does 33 divide 190683?
False
Does 8 divide 971016?
True
Is 2192694 a multiple of 42?
True
Does 144 divide 90144?
True
Is 30 a factor of 145023?
False
Is 117 a factor of 12118898?
False
Is 828 a factor of 2045297?
False
Does 47 divide 57083?
False
Does 36 divide 327573?
False
Does 17 divide 3585473?
False
Is 13 a factor of 29170?
False
Is 9481 a multiple of 2?
False
Is 4 a factor of 81620?
True
Is 541744 a multiple of 42?
False
Does 157 divide 3734947?
False
Does 123 divide 445629?
True
Does 50 divide 12965400?
True
Is 619180 a multiple of 746?
True
Is 3057742 a multiple of 31?
False
Is 97 a factor of 157197?
False
Is 8 a factor of 656120?
True
Is 78 a factor of 10263099?
False
Does 142 divide 2559?
False
Is 23355058 a multiple of 7?
False
Is 378792 even?
True
Is 2744683 a multiple of 361?
True
Is 390 a factor of 248939?
False
Is 162 a factor of 26035?
False
Is 156 a factor of 7192536?
True
Is 286359 a multiple of 53?
True
Is 504 a factor of 235872?
True
Is 8505 a multiple of 5?
True
Does 170 divide 14280?
True
Is 8 a factor of 170080?
True
Does 15 divide 695010?
True
Is 2369242 a multiple of 14?
False
Is 165 a factor of 2547435?
True
Is 1864650 a multiple of 5?
True
Is 3555801 a multiple of 34?
False
Is 2421090 a multiple of 405?
True
Is 23 a factor of 219821?
False
Is 450 a factor of 3587400?
True
Is 119386 a multiple of 48